+ 85. What is the tens digit of v?
1
Suppose 5*h + 1889 = 2*j - 614, 5*j - 6275 = -5*h. What is the thousands digit of j?
1
Suppose -2*k = -61 - 671. Suppose k = 4*l - 3*y + 46, -3*y = 0. What is the tens digit of l?
8
What is the thousands digit of ((-64)/24)/((-3)/5436)?
4
Suppose q - 292 - 155 = 0. What is the hundreds digit of q?
4
What is the tens digit of 7816/6 - 130/195?
0
Suppose g - 3*g = 86. Let k = 101 + g. Suppose -6*x = -56 - k. What is the units digit of x?
9
Let o(j) = 46 - 80 + j**3 + 19*j**2 + 14*j + 75. What is the units digit of o(-18)?
3
Suppose y + 61 = -y - 5*w, 4*y - 4*w + 52 = 0. Let l = 18 + y. What is the units digit of 9 + l + 4/(-2)?
7
Suppose -6809 = -4*w - 1529. What is the units digit of w?
0
Suppose 0 = -6310*q + 6320*q - 24640. What is the hundreds digit of q?
4
Let x(r) be the second derivative of r**4/24 - r**3/6 - r**2/2 - 8*r. Let t(s) be the first derivative of x(s). What is the units digit of t(4)?
3
Let w be ((-4)/8)/((-1)/4*2). Let a(p) = 128*p - 2. What is the units digit of a(w)?
6
Let d = -28 + 36. Suppose t = 3*t - d. Suppose 77 = t*q - 171. What is the tens digit of q?
6
Let n = 20 - 18. Suppose n*s + 188 = 6*s - 4*m, 5*s = 2*m + 241. What is the tens digit of s?
4
Let c(l) = 2*l**3 - 18*l**2 - 28*l + 12. What is the thousands digit of c(15)?
2
Let u = -2043 + 5724. What is the tens digit of u?
8
Let d(w) = -w**2 - 8*w + 5. Let x be d(-8). Suppose -2*y = -x - 79. What is the units digit of y?
2
What is the hundreds digit of 2/(-16) + (-16904)/(-64) + -5?
2
Suppose -26*h = -24*h - 340. What is the hundreds digit of h?
1
Let b = -31 - -29. What is the tens digit of b/9 + 8468/36?
3
Let o = 158 + -93. Suppose 0 = 2*x + 3*z - 8*z - o, z = x - 28. What is the units digit of x?
5
Let h(b) = -127*b**2 + 6*b - 7. Let d be h(2). Let g = -352 - d. What is the tens digit of g?
5
Let r be 23/46*(1 + 3). Suppose 86 = r*w + 24. What is the units digit of w?
1
Let g(s) = -s**2 + 7*s - 11. Let h(z) = 7*z**2 - z. Let n be h(-1). Let l be g(n). Let x = -8 - l. What is the tens digit of x?
1
Let c(x) be the third derivative of -35*x**4/12 + x**3/2 - 2*x**2. Let o be c(-4). Suppose -5*z + o = -77. What is the units digit of z?
2
Suppose p + 19 - 168 = 0. Let r = 15 - 10. Suppose r*u + a - 32 = p, -2*a + 38 = u. What is the tens digit of u?
3
Let r = -93 - -105. Let g(a) = -a**3 + 10*a**2 + 28*a - 26. What is the units digit of g(r)?
2
Suppose -16418 - 7330 = -12*l. What is the thousands digit of l?
1
What is the hundreds digit of (3/2)/(0 - 7/(-3934))?
8
Let y(d) be the second derivative of 7*d**4/12 - 2*d**3/3 - 3*d**2 + 13*d. What is the tens digit of y(-3)?
6
Let h = 24 + -19. Suppose -2*k = -h*k - 9, -32 = -5*x - k. What is the units digit of x?
7
Suppose 2*i = 3*i - 5*d - 29, 2*d = -3*i + 2. Let p = 4 + i. Let c(v) = -v**2 + 9*v + 7. What is the tens digit of c(p)?
1
Let y = 3711 + 672. What is the hundreds digit of y?
3
Let v(z) = -798*z**3 - z. What is the tens digit of v(-1)?
9
Let m(b) = b**2 + 7*b + 8. Let l be m(-4). Let k be (-4 + 0)/l - 1. Suppose 0*i - 5*i + 115 = k. What is the units digit of i?
3
Let r(l) = l**3 + 7*l**2 - 4. Let t be r(-7). Let d = 15 + -29. Let y = t - d. What is the tens digit of y?
1
Let o(x) = -x**3 + 10*x**2 - 3*x + 4. Let a be o(5). Suppose -a = -2*u + 26. What is the units digit of u?
0
What is the units digit of (-19640)/(-30) + (-4)/(-12)?
5
What is the tens digit of (276/(-16))/(6/(-72))?
0
Suppose -5*k = 3*q + 265, 5*q - 2*k + 446 = -6*k. Let j = 386 + q. What is the hundreds digit of j?
2
Let k = -311 + 595. What is the units digit of k?
4
Let z(n) = 17*n**2 + 4*n + 7. Suppose 9*u = 14*u + 10. What is the units digit of z(u)?
7
Let x(r) = r**2 - 3*r - 1. Let t be x(4). Suppose t*o + 15 = 249. What is the units digit of o?
8
Let r(h) = 11*h**2 - 32*h + 356. What is the thousands digit of r(11)?
1
Suppose 5*q + 2*j = 6823, 4*q - 5436 = -0*q + 4*j. What is the units digit of q?
3
Let x = 182 + 115. Suppose -1809 = -6*c - x. What is the tens digit of c?
5
Suppose 0 = 3*r - 12 - 96. Suppose w = -2*w + r. Suppose w = -5*d + 77. What is the tens digit of d?
1
Let i be 159*(-4 - 56/(-12)). Suppose 2225 + i = 9*x. What is the hundreds digit of x?
2
Let v = 1620 + -902. What is the tens digit of v?
1
Suppose -4*s + 22 = -2*n, 13*n - 4 = -s + 15*n. What is the units digit of s?
6
Let a be -3*((-105)/(-9))/(-7). Suppose -44 = -7*u + a. What is the units digit of u?
7
Let l(b) = -5*b - 59. Let h be l(27). What is the hundreds digit of 3 + -3 - -3 - (h - -2)?
1
Let p = 20 + -33. Let o = p + 12. Let x(l) = -9*l - 1. What is the units digit of x(o)?
8
Suppose 217 = 4*c + 3*p, c + 21*p - 54 = 20*p. Suppose -n = 4*n - 25. Suppose -m + 5*u = -c, -n*m + u + 231 = 76. What is the units digit of m?
0
Let w(s) = 937*s - 2. Let i be w(2). Suppose 15*q - i = 3*q. What is the tens digit of q?
5
Suppose -9108 = -20*a - 2*a. What is the hundreds digit of a?
4
Let o = -7 + 2. Let m(x) be the third derivative of -x**6/120 - x**5/15 + x**4/8 + 11*x**3/6 + 108*x**2. What is the units digit of m(o)?
1
What is the hundreds digit of (-67882)/(-14) + 3 - (-2)/7?
8
Let s(b) = 53*b**2 - 3*b - 17. What is the hundreds digit of s(-3)?
4
Suppose 5*c + 5 = -0*j - 2*j, j + 6 = c. Let r(f) be the third derivative of 13*f**4/24 + f**3/6 - 114*f**2. What is the units digit of r(c)?
4
Suppose -28*f = -7*f - 52920. What is the hundreds digit of f?
5
Suppose 26*k = 27*k - 3779. What is the hundreds digit of k?
7
Suppose 0 = -30*p + 48584 + 24376. What is the tens digit of p?
3
Suppose -9*a = -480 + 120. What is the tens digit of a?
4
Suppose -4*b - 4*k = -104, -3*b + 0*b + 98 = -k. Let q = b - 27. What is the units digit of q?
4
Let x = -310 + 354. What is the units digit of x?
4
Suppose r + 75 = 25. Let b = r - -78. What is the tens digit of b?
2
Let j(t) = -9*t + 6. Let v be j(9). Let w = v - -137. What is the tens digit of w?
6
Suppose 3*q - q = -a - 4, 0 = -a + 2*q + 12. Suppose 0 = -7*h + a + 3. What is the units digit of h?
1
Suppose 4*v - 110 - 10 = 0. Suppose q = 3*q - 8. Suppose v = p - 0*p + o, q*p = -5*o + 119. What is the units digit of p?
1
Suppose -15 = -4*k - k. Let s be (-30)/(-9) + (-1)/k. Suppose -3*w = -2*u + 43, 64 = 4*u - s*w - 37. What is the units digit of u?
9
Let b = 33 + -31. Suppose -4*n + 3*k + 559 = 0, -3*n + b*k = -3*k - 422. What is the units digit of n?
9
Let b(p) be the second derivative of p**5/20 + 11*p**4/12 - 5*p**3/2 - 3*p**2/2 - 6*p. What is the tens digit of b(-12)?
3
Suppose -j + 69 = 2*j. Let a = j - 19. Suppose -b + 222 = a*i, i - 8 - 43 = 2*b. What is the tens digit of i?
5
Let s = 4 - -26. Suppose -5*z - 17 = w, 5*w + 4*z = 8 - 9. Suppose w*q + 4*c + s = 114, -2*q = 5*c - 56. What is the units digit of q?
8
Suppose 2*j - 3 = -3. Let x(o) = o**3 - 2*o + 45. What is the tens digit of x(j)?
4
Let n = -4 - 160. Let v = -106 - n. What is the tens digit of v?
5
Suppose -14*r = -16*r. Suppose -5*h + h = -i + 37, r = 5*i - 2*h - 275. What is the units digit of i?
7
What is the hundreds digit of 35/(30/280 - 2/(-14))?
1
Let i(j) be the second derivative of j**3/3 + 8*j**2 - 5*j. Let p be i(-7). Suppose 5*z - 130 = -p*n + 7*n, 3*n + 52 = 2*z. What is the tens digit of z?
2
Let p = 21 - 1. Suppose p = -6*s + 2*s, -4*j + 3*s = -239. What is the tens digit of j?
5
Let u = 2891 - 420. What is the hundreds digit of u?
4
Let d be (-102)/(-14) + -7 - (-33)/7. Suppose 247 = 5*v + d*w - w, 0 = 2*v - 4*w - 82. What is the tens digit of v?
4
Suppose 4*n = 146 - 134. Let p(a) = 8 - 5*a + 19*a - 1. What is the tens digit of p(n)?
4
Let w(x) = -4*x**2 - x**2 - 2*x + 4 - x**3 - 3*x. Let d be w(-4). What is the tens digit of (12/d)/(3/20)?
1
Let x(b) = b**2 + 5*b - 3. Let a be x(-5). Let s = -6 - a. What is the units digit of (-65)/s - (-6)/(-9)?
1
Let v(s) = -14*s - 12. Let y be (1 + 3 + -3)*-4. What is the units digit of v(y)?
4
Suppose 5*o = -5*t - 60, 5*t - 3*t - 2*o + 4 = 0. What is the units digit of 3 + 1 + -2 + (-1526)/t?
0
Suppose -39*t = -40*t + 615. What is the hundreds digit of t?
6
Let h = 636 + -139. What is the units digit of h?
7
Let y = 5 + 3. What is the units digit of 34*1 + -9 + y?
3
Suppose 3*u + 242 = -5*i, 0 = 3*u - 2*i + 36 + 178. Let p(d) = -8*d**2 - 5*d + 16. Let q be p(